.
230
Calculate the greatest common divisor of 173218 and 2570.
514
What is the highest common factor of 44296 and 1134?
14
Calculate the highest common divisor of 575161 and 68.
17
What is the greatest common factor of 1503 and 477?
9
Calculate the greatest common divisor of 138 and 3224301.
69
Calculate the highest common divisor of 621 and 238671.
207
Calculate the highest common factor of 32545 and 23.
23
What is the highest common factor of 6 and 116274?
6
Calculate the greatest common factor of 3150 and 2583.
63
Calculate the highest common divisor of 3576 and 72.
24
Calculate the highest common divisor of 1326 and 65.
13
What is the highest common factor of 21735 and 1215?
135
What is the highest common divisor of 260780 and 520?
260
Calculate the highest common factor of 68 and 7697056.
68
What is the highest common divisor of 324675 and 26?
13
Calculate the greatest common factor of 106407 and 7938.
189
Calculate the highest common divisor of 342 and 285.
57
Calculate the greatest common divisor of 19075 and 2975.
175
Calculate the greatest common divisor of 81 and 4083.
3
What is the highest common factor of 416 and 916448?
416
What is the greatest common factor of 972 and 6426?
54
What is the highest common factor of 2392 and 370461?
299
What is the highest common factor of 17544978 and 33?
33
Calculate the highest common factor of 342 and 146547.
171
Calculate the greatest common factor of 391 and 86734.
17
What is the highest common divisor of 1431813 and 831?
831
Calculate the greatest common factor of 1339677 and 27.
9
Calculate the greatest common factor of 4610 and 90.
10
Calculate the highest common factor of 984 and 19557.
123
Calculate the greatest common factor of 59976 and 630.
126
What is the greatest common factor of 186360 and 18?
6
What is the greatest common divisor of 35 and 24535?
35
What is the highest common factor of 108513 and 54?
27
Calculate the highest common factor of 196046 and 166.
166
Calculate the greatest common factor of 3540 and 80535.
885
Calculate the highest common factor of 120 and 840.
120
Calculate the highest common divisor of 6721 and 120461.
517
What is the greatest common factor of 2945 and 12445?
95
Calculate the highest common divisor of 637 and 112.
7
What is the greatest common factor of 175 and 634675?
25
What is the highest common divisor of 1790 and 120646?
358
What is the greatest common factor of 13408 and 192?
32
Calculate the greatest common divisor of 69388 and 608.
76
Calculate the highest common divisor of 1358994 and 262.
262
Calculate the highest common divisor of 13080 and 25506.
654
What is the greatest common divisor of 546 and 136812?
78
What is the greatest common factor of 102787 and 287?
41
Calculate the greatest common divisor of 3284292 and 358.
358
Calculate the highest common factor of 252402 and 186.
186
Calculate the highest common factor of 950 and 9595.
95
What is the highest common divisor of 84099 and 13872?
867
What is the greatest common divisor of 277355 and 221?
221
What is the highest common factor of 26162 and 69215?
127
What is the greatest common factor of 118518 and 6?
6
Calculate the greatest common factor of 227426 and 51.
17
Calculate the greatest common divisor of 21 and 135233.
7
What is the highest common factor of 790131 and 1407?
201
What is the highest common divisor of 29634 and 2189?
11
Calculate the greatest common factor of 7807 and 185.
37
Calculate the highest common divisor of 468 and 61092.
36
Calculate the greatest common divisor of 2509 and 47092.
193
What is the highest common factor of 181930 and 46?
46
What is the highest common divisor of 391 and 6049?
23
What is the greatest common factor of 50932 and 856?
428
What is the greatest common factor of 164 and 2085096?
164
Calculate the highest common divisor of 2 and 728.
2
Calculate the highest common factor of 427 and 12627.
61
What is the highest common factor of 178 and 11643514?
178
What is the highest common divisor of 582472 and 616?
88
Calculate the greatest common divisor of 130658 and 770.
22
Calculate the greatest common divisor of 4200 and 716310.
210
Calculate the highest common factor of 5012 and 448.
28
What is the greatest common divisor of 84 and 111909?
21
Calculate the greatest common divisor of 336 and 1409352.
168
Calculate the greatest common factor of 1152 and 900.
36
Calculate the highest common factor of 2304 and 42888.
24
Calculate the greatest common factor of 98 and 3334.
2
What is the highest common divisor of 64 and 9278016?
64
What is the highest common factor of 869 and 693?
11
What is the greatest common divisor of 28 and 5129950?
14
Calculate the highest common factor of 43716 and 104.
4
What is the highest common divisor of 760 and 439090?
190
What is the highest common divisor of 333 and 39681?
9
Calculate the greatest common divisor of 222530 and 357.
119
What is the greatest common divisor of 12355 and 12670?
35
What is the highest common divisor of 64444 and 4?
4
Calculate the greatest common divisor of 658035 and 90.
45
Calculate the highest common divisor of 32 and 388.
4
What is the greatest common factor of 1168 and 232752?
16
Calculate the highest common factor of 403647 and 1413.
471
Calculate the highest common divisor of 19224 and 288.
72
Calculate the greatest common divisor of 81730 and 3190.
110
Calculate the highest common divisor of 27755 and 2275.
455
What is the greatest common factor of 1200 and 7725?
75
Calculate the greatest common divisor of 9976 and 1276.
116
Calculate the highest common factor of 1370 and 2630.
10
What is the highest common divisor of 1148 and 409549?
287
What is the greatest common divisor of 1456 and 308984?
104
Calculate the greatest common divisor of 276 and 144.
12
Calculate the greatest common divisor of 23577 and 3654.
87
Calculate the greatest common divisor of 364 and 14854.
14
What is the highest common divisor of 882 and 1443834?
882
What is the greatest common divisor of 180 and 785280?
60
Calculate the highest common factor of 8 and 198248.
8
Calculate the greatest common factor of 118158 and 2538.
282
What is the greatest common factor of 1238544 and 4026?
366
Calculate the highest common divisor of 9028 and 333.
37
Calculate the highest common factor of 9748 and 20.
4
What is the highest common factor of 508 and 495554?
254
Calculate the highest common divisor of 585 and 618705.
45
Calculate the greatest common divisor of 26 and 42588.
26
What is the greatest common factor of 154 and 177562?
154
What is the highest common divisor of 152 and 91143?
19
Calculate the greatest common factor of 32581 and 341.
31
What is the highest common divisor of 630 and 21105?
315
Calculate the greatest common divisor of 1085040 and 2160.
720
Calculate the greatest common factor of 6065 and 5.
5
Calculate the highest common divisor of 89346 and 6.
6
What is the highest common divisor of 37394 and 28?
14
What is the greatest common factor of 342 and 7686?
18
Calculate the highest common factor of 68717 and 11.
11
What is the highest common divisor of 118146 and 126?
42
Calculate the greatest common factor of 18213 and 14944.
467
Calculate the highest common divisor of 6690105 and 45.
45
Calculate the greatest common divisor of 21936 and 960.
48
Calculate the greatest common factor of 561 and 85987.
11
What is the greatest common divisor of 34 and 409343?
17
Calculate the greatest common factor of 118 and 519613.
59
Calculate the highest common divisor of 20 and 211910.
10
Calculate the greatest common factor of 224 and 3962.
14
What is the greatest common divisor of 8607 and 906?
453
Calculate the highest common divisor of 5213 and 9223.
401
What is the highest common divisor of 150 and 48375?
75
What is the greatest common factor of 833256 and 152?
8
Calculate the highest common factor of 10325 and 5875.
25
Calculate the highest common divisor of 35524 and 642.
214
Calculate the greatest common factor of 8 and 134720.
8
What is the greatest common factor of 562013 and 4456?
557
Calculate the greatest common divisor of 52 and 2451111.
13
Calculate the greatest common factor of 48 and 3209016.
24
What is the greatest common factor of 2371104 and 288?
288
Calculate the highest common factor of 24 and 3505